{"id":490,"date":"2025-03-28T13:12:35","date_gmt":"2025-03-28T13:12:35","guid":{"rendered":"https:\/\/tiskreelamud.ee\/krundid\/?page_id=490"},"modified":"2025-12-26T19:45:23","modified_gmt":"2025-12-26T19:45:23","slug":"hinnakiri","status":"publish","type":"page","link":"https:\/\/tiskreelamud.ee\/krundid\/hinnakiri\/","title":{"rendered":"Hinnakiri"},"content":{"rendered":"<h2 id=\"torvalille-2\">Tiskre elamukrundid<\/h2>\n\n<table id=\"tablepress-1\" class=\"tablepress tablepress-id-1\">\n<thead>\n<tr class=\"row-1\">\n\t<th class=\"column-1\">Elamukrunt<\/th><th class=\"column-2\">Aadress<\/th><th class=\"column-3\">Suurus, m\u00b2<\/th><th class=\"column-4\">M\u00fc\u00fcgihind, \u20ac <\/th><td class=\"column-5\"><\/td>\n<\/tr>\n<\/thead>\n<tbody class=\"row-striping row-hover\">\n<tr class=\"row-2\">\n\t<td class=\"column-1\"><strong>Jalaka tee 5<\/strong><\/td><td class=\"column-2\">Tiskre k\u00fcla, Harku vald <\/td><td class=\"column-3\">2035<\/td><td class=\"column-4\"><b>-\u20ac <\/b><\/td><td class=\"column-5\"><a target=\"_blank\"href=\"https:\/\/xgis.maaamet.ee\/xgis2\/page\/link\/7VWwLvjI\">Vaata kaardilt<\/a><\/td>\n<\/tr>\n<tr class=\"row-3\">\n\t<td class=\"column-1\"><strong>Jalaka tee 7<\/strong><\/td><td class=\"column-2\">Tiskre k\u00fcla, Harku vald <\/td><td class=\"column-3\">2033<\/td><td class=\"column-4\"><b>-\u20ac <\/b><\/td><td class=\"column-5\"><a target=\"_blank\"href=\"https:\/\/xgis.maaamet.ee\/xgis2\/page\/link\/73hoaWPp\">Vaata kaardilt<\/a><\/td>\n<\/tr>\n<tr class=\"row-4\">\n\t<td class=\"column-1\"><strong>Jalaka tee 8<\/strong><\/td><td class=\"column-2\">Tiskre k\u00fcla, Harku vald <\/td><td class=\"column-3\">2002<\/td><td class=\"column-4\"><b>-\u20ac <\/b><\/td><td class=\"column-5\"><a target=\"_blank\"href=\"https:\/\/xgis.maaamet.ee\/xgis2\/page\/link\/XXvjIhR\">Vaata kaardilt<\/a><\/td>\n<\/tr>\n<tr class=\"row-5\">\n\t<td class=\"column-1\"><strong>Jalaka tee 10<\/strong><\/td><td class=\"column-2\">Tiskre k\u00fcla, Harku vald <\/td><td class=\"column-3\">2002<\/td><td class=\"column-4\"><b>-\u20ac <\/b><\/td><td class=\"column-5\"><a target=\"_blank\"href=\"https:\/\/xgis.maaamet.ee\/xgis2\/page\/link\/g-DFwhXX\">Vaata kaardilt<\/a><\/td>\n<\/tr>\n<tr class=\"row-6\">\n\t<td class=\"column-1\"><strong>N\u00f5mmiku tee 6<\/strong><\/td><td class=\"column-2\">Tiskre k\u00fcla, Harku vald <\/td><td class=\"column-3\">2035<\/td><td class=\"column-4\"><b>-\u20ac <\/b><\/td><td class=\"column-5\"><a target=\"_blank\"href=\"https:\/\/xgis.maaamet.ee\/xgis2\/page\/link\/vHKkxvRk\">Vaata kaardilt<\/a><\/td>\n<\/tr>\n<tr class=\"row-7\">\n\t<td class=\"column-1\"><strong>N\u00f5mmiku tee 8<\/strong><\/td><td class=\"column-2\">Tiskre k\u00fcla, Harku vald <\/td><td class=\"column-3\">2034<\/td><td class=\"column-4\"><b>-\u20ac <\/b><\/td><td class=\"column-5\"><a target=\"_blank\"href=\"https:\/\/xgis.maaamet.ee\/xgis2\/page\/link\/DVgX76Wu\">Vaata kaardilt<\/a><\/td>\n<\/tr>\n<tr class=\"row-8\">\n\t<td class=\"column-1\"><strong>N\u00f5mmiku tee 10<\/strong><\/td><td class=\"column-2\">Tiskre k\u00fcla, Harku vald <\/td><td class=\"column-3\">2027<\/td><td class=\"column-4\"><b>-\u20ac <\/b><\/td><td class=\"column-5\"><a target=\"_blank\"href=\"https:\/\/xgis.maaamet.ee\/xgis2\/page\/link\/Sha7DRn\">Vaata kaardilt<\/a><\/td>\n<\/tr>\n<tr class=\"row-9\">\n\t<td class=\"column-1\"><strong>P\u00f5lluveere tee 12<\/strong><\/td><td class=\"column-2\">Tiskre k\u00fcla, Harku vald <\/td><td class=\"column-3\">2033<\/td><td class=\"column-4\"><b>-\u20ac <\/b><\/td><td class=\"column-5\"><a target=\"_blank\"href=\"https:\/\/xgis.maaamet.ee\/xgis2\/page\/link\/Gou6tZK\">Vaata kaardilt<\/a><\/td>\n<\/tr>\n<\/tbody>\n<\/table>\n<!-- #tablepress-1 from cache -->\n<p>&nbsp;<\/p>\n<blockquote>\n<p style=\"text-align: center;\"><strong>Kinnistud on hoonestamata.<\/strong><\/p>\n<\/blockquote>\n","protected":false},"excerpt":{"rendered":"<p>Tiskre elamukrundid &nbsp; Kinnistud on hoonestamata.<\/p>\n","protected":false},"author":1,"featured_media":1388,"parent":0,"menu_order":0,"comment_status":"closed","ping_status":"closed","template":"price-list.php","meta":{"_acf_changed":false,"footnotes":""},"class_list":["post-490","page","type-page","status-publish","has-post-thumbnail","hentry"],"acf":[],"yoast_head":"<!-- This site is optimized with the Yoast SEO plugin v27.5 - https:\/\/yoast.com\/product\/yoast-seo-wordpress\/ -->\n<title>Hinnakiri | Tiskre Krundid<\/title>\n<meta name=\"description\" content=\"M\u00fc\u00fcgitabeli \u00fcldpinna arvestuses on elamispinna suurus ja panipaiga suurus. Arendajal on \u00f5igus m\u00fc\u00fcmata majaosade m\u00fc\u00fcgihindu korrigeerida.\" \/>\n<meta name=\"robots\" content=\"index, follow, max-snippet:-1, max-image-preview:large, max-video-preview:-1\" \/>\n<link rel=\"canonical\" href=\"https:\/\/tiskreelamud.ee\/krundid\/hinnakiri\/\" \/>\n<meta property=\"og:locale\" content=\"et_EE\" \/>\n<meta property=\"og:type\" content=\"article\" \/>\n<meta property=\"og:title\" content=\"Hinnakiri | Tiskre Krundid\" \/>\n<meta property=\"og:description\" content=\"M\u00fc\u00fcgitabeli \u00fcldpinna arvestuses on elamispinna suurus ja panipaiga suurus. Arendajal on \u00f5igus m\u00fc\u00fcmata majaosade m\u00fc\u00fcgihindu korrigeerida.\" \/>\n<meta property=\"og:url\" content=\"https:\/\/tiskreelamud.ee\/krundid\/hinnakiri\/\" \/>\n<meta property=\"og:site_name\" content=\"Tiskre Krundid\" \/>\n<meta property=\"article:modified_time\" content=\"2025-12-26T19:45:23+00:00\" \/>\n<meta property=\"og:image\" content=\"https:\/\/tiskreelamud.ee\/krundid\/wp-content\/uploads\/2025\/12\/krundid-hinnakiri-tiskreelamud-tiskrekrundid-fb.jpg\" \/>\n\t<meta property=\"og:image:width\" content=\"1200\" \/>\n\t<meta property=\"og:image:height\" content=\"675\" \/>\n\t<meta property=\"og:image:type\" content=\"image\/jpeg\" \/>\n<meta name=\"twitter:card\" content=\"summary_large_image\" \/>\n<meta name=\"twitter:label1\" content=\"Est. reading time\" \/>\n\t<meta name=\"twitter:data1\" content=\"1 minut\" \/>\n<script type=\"application\/ld+json\" class=\"yoast-schema-graph\">{\"@context\":\"https:\\\/\\\/schema.org\",\"@graph\":[{\"@type\":\"WebPage\",\"@id\":\"https:\\\/\\\/tiskreelamud.ee\\\/krundid\\\/hinnakiri\\\/\",\"url\":\"https:\\\/\\\/tiskreelamud.ee\\\/krundid\\\/hinnakiri\\\/\",\"name\":\"Hinnakiri | Tiskre Krundid\",\"isPartOf\":{\"@id\":\"https:\\\/\\\/tiskreelamud.ee\\\/krundid\\\/#website\"},\"primaryImageOfPage\":{\"@id\":\"https:\\\/\\\/tiskreelamud.ee\\\/krundid\\\/hinnakiri\\\/#primaryimage\"},\"image\":{\"@id\":\"https:\\\/\\\/tiskreelamud.ee\\\/krundid\\\/hinnakiri\\\/#primaryimage\"},\"thumbnailUrl\":\"https:\\\/\\\/tiskreelamud.ee\\\/krundid\\\/wp-content\\\/uploads\\\/2025\\\/12\\\/krundid-hinnakiri-tiskreelamud-tiskrekrundid-fb.jpg\",\"datePublished\":\"2025-03-28T13:12:35+00:00\",\"dateModified\":\"2025-12-26T19:45:23+00:00\",\"description\":\"M\u00fc\u00fcgitabeli \u00fcldpinna arvestuses on elamispinna suurus ja panipaiga suurus. Arendajal on \u00f5igus m\u00fc\u00fcmata majaosade m\u00fc\u00fcgihindu korrigeerida.\",\"breadcrumb\":{\"@id\":\"https:\\\/\\\/tiskreelamud.ee\\\/krundid\\\/hinnakiri\\\/#breadcrumb\"},\"inLanguage\":\"et\",\"potentialAction\":[{\"@type\":\"ReadAction\",\"target\":[\"https:\\\/\\\/tiskreelamud.ee\\\/krundid\\\/hinnakiri\\\/\"]}]},{\"@type\":\"ImageObject\",\"inLanguage\":\"et\",\"@id\":\"https:\\\/\\\/tiskreelamud.ee\\\/krundid\\\/hinnakiri\\\/#primaryimage\",\"url\":\"https:\\\/\\\/tiskreelamud.ee\\\/krundid\\\/wp-content\\\/uploads\\\/2025\\\/12\\\/krundid-hinnakiri-tiskreelamud-tiskrekrundid-fb.jpg\",\"contentUrl\":\"https:\\\/\\\/tiskreelamud.ee\\\/krundid\\\/wp-content\\\/uploads\\\/2025\\\/12\\\/krundid-hinnakiri-tiskreelamud-tiskrekrundid-fb.jpg\",\"width\":1200,\"height\":675,\"caption\":\"Tiskreelamud - krundid\"},{\"@type\":\"BreadcrumbList\",\"@id\":\"https:\\\/\\\/tiskreelamud.ee\\\/krundid\\\/hinnakiri\\\/#breadcrumb\",\"itemListElement\":[{\"@type\":\"ListItem\",\"position\":1,\"name\":\"Home\",\"item\":\"https:\\\/\\\/tiskreelamud.ee\\\/krundid\\\/\"},{\"@type\":\"ListItem\",\"position\":2,\"name\":\"Hinnakiri\"}]},{\"@type\":\"WebSite\",\"@id\":\"https:\\\/\\\/tiskreelamud.ee\\\/krundid\\\/#website\",\"url\":\"https:\\\/\\\/tiskreelamud.ee\\\/krundid\\\/\",\"name\":\"TISKRE KRUNDID\",\"description\":\"Krundid, mis loovad tulevikku\",\"publisher\":{\"@id\":\"https:\\\/\\\/tiskreelamud.ee\\\/krundid\\\/#organization\"},\"potentialAction\":[{\"@type\":\"SearchAction\",\"target\":{\"@type\":\"EntryPoint\",\"urlTemplate\":\"https:\\\/\\\/tiskreelamud.ee\\\/krundid\\\/?s={search_term_string}\"},\"query-input\":{\"@type\":\"PropertyValueSpecification\",\"valueRequired\":true,\"valueName\":\"search_term_string\"}}],\"inLanguage\":\"et\"},{\"@type\":\"Organization\",\"@id\":\"https:\\\/\\\/tiskreelamud.ee\\\/krundid\\\/#organization\",\"name\":\"TISKRE KRUNDID\",\"alternateName\":\"tiskreelamud.ee\",\"url\":\"https:\\\/\\\/tiskreelamud.ee\\\/krundid\\\/\",\"logo\":{\"@type\":\"ImageObject\",\"inLanguage\":\"et\",\"@id\":\"https:\\\/\\\/tiskreelamud.ee\\\/krundid\\\/#\\\/schema\\\/logo\\\/image\\\/\",\"url\":\"https:\\\/\\\/tiskreelamud.ee\\\/krundid\\\/wp-content\\\/uploads\\\/2025\\\/09\\\/tiskre-elamud-icon.png\",\"contentUrl\":\"https:\\\/\\\/tiskreelamud.ee\\\/krundid\\\/wp-content\\\/uploads\\\/2025\\\/09\\\/tiskre-elamud-icon.png\",\"width\":375,\"height\":375,\"caption\":\"TISKRE KRUNDID\"},\"image\":{\"@id\":\"https:\\\/\\\/tiskreelamud.ee\\\/krundid\\\/#\\\/schema\\\/logo\\\/image\\\/\"}}]}<\/script>\n<!-- \/ Yoast SEO plugin. -->","yoast_head_json":{"title":"Hinnakiri | Tiskre Krundid","description":"M\u00fc\u00fcgitabeli \u00fcldpinna arvestuses on elamispinna suurus ja panipaiga suurus. Arendajal on \u00f5igus m\u00fc\u00fcmata majaosade m\u00fc\u00fcgihindu korrigeerida.","robots":{"index":"index","follow":"follow","max-snippet":"max-snippet:-1","max-image-preview":"max-image-preview:large","max-video-preview":"max-video-preview:-1"},"canonical":"https:\/\/tiskreelamud.ee\/krundid\/hinnakiri\/","og_locale":"et_EE","og_type":"article","og_title":"Hinnakiri | Tiskre Krundid","og_description":"M\u00fc\u00fcgitabeli \u00fcldpinna arvestuses on elamispinna suurus ja panipaiga suurus. Arendajal on \u00f5igus m\u00fc\u00fcmata majaosade m\u00fc\u00fcgihindu korrigeerida.","og_url":"https:\/\/tiskreelamud.ee\/krundid\/hinnakiri\/","og_site_name":"Tiskre Krundid","article_modified_time":"2025-12-26T19:45:23+00:00","og_image":[{"width":1200,"height":675,"url":"https:\/\/tiskreelamud.ee\/krundid\/wp-content\/uploads\/2025\/12\/krundid-hinnakiri-tiskreelamud-tiskrekrundid-fb.jpg","type":"image\/jpeg"}],"twitter_card":"summary_large_image","twitter_misc":{"Est. reading time":"1 minut"},"schema":{"@context":"https:\/\/schema.org","@graph":[{"@type":"WebPage","@id":"https:\/\/tiskreelamud.ee\/krundid\/hinnakiri\/","url":"https:\/\/tiskreelamud.ee\/krundid\/hinnakiri\/","name":"Hinnakiri | Tiskre Krundid","isPartOf":{"@id":"https:\/\/tiskreelamud.ee\/krundid\/#website"},"primaryImageOfPage":{"@id":"https:\/\/tiskreelamud.ee\/krundid\/hinnakiri\/#primaryimage"},"image":{"@id":"https:\/\/tiskreelamud.ee\/krundid\/hinnakiri\/#primaryimage"},"thumbnailUrl":"https:\/\/tiskreelamud.ee\/krundid\/wp-content\/uploads\/2025\/12\/krundid-hinnakiri-tiskreelamud-tiskrekrundid-fb.jpg","datePublished":"2025-03-28T13:12:35+00:00","dateModified":"2025-12-26T19:45:23+00:00","description":"M\u00fc\u00fcgitabeli \u00fcldpinna arvestuses on elamispinna suurus ja panipaiga suurus. Arendajal on \u00f5igus m\u00fc\u00fcmata majaosade m\u00fc\u00fcgihindu korrigeerida.","breadcrumb":{"@id":"https:\/\/tiskreelamud.ee\/krundid\/hinnakiri\/#breadcrumb"},"inLanguage":"et","potentialAction":[{"@type":"ReadAction","target":["https:\/\/tiskreelamud.ee\/krundid\/hinnakiri\/"]}]},{"@type":"ImageObject","inLanguage":"et","@id":"https:\/\/tiskreelamud.ee\/krundid\/hinnakiri\/#primaryimage","url":"https:\/\/tiskreelamud.ee\/krundid\/wp-content\/uploads\/2025\/12\/krundid-hinnakiri-tiskreelamud-tiskrekrundid-fb.jpg","contentUrl":"https:\/\/tiskreelamud.ee\/krundid\/wp-content\/uploads\/2025\/12\/krundid-hinnakiri-tiskreelamud-tiskrekrundid-fb.jpg","width":1200,"height":675,"caption":"Tiskreelamud - krundid"},{"@type":"BreadcrumbList","@id":"https:\/\/tiskreelamud.ee\/krundid\/hinnakiri\/#breadcrumb","itemListElement":[{"@type":"ListItem","position":1,"name":"Home","item":"https:\/\/tiskreelamud.ee\/krundid\/"},{"@type":"ListItem","position":2,"name":"Hinnakiri"}]},{"@type":"WebSite","@id":"https:\/\/tiskreelamud.ee\/krundid\/#website","url":"https:\/\/tiskreelamud.ee\/krundid\/","name":"TISKRE KRUNDID","description":"Krundid, mis loovad tulevikku","publisher":{"@id":"https:\/\/tiskreelamud.ee\/krundid\/#organization"},"potentialAction":[{"@type":"SearchAction","target":{"@type":"EntryPoint","urlTemplate":"https:\/\/tiskreelamud.ee\/krundid\/?s={search_term_string}"},"query-input":{"@type":"PropertyValueSpecification","valueRequired":true,"valueName":"search_term_string"}}],"inLanguage":"et"},{"@type":"Organization","@id":"https:\/\/tiskreelamud.ee\/krundid\/#organization","name":"TISKRE KRUNDID","alternateName":"tiskreelamud.ee","url":"https:\/\/tiskreelamud.ee\/krundid\/","logo":{"@type":"ImageObject","inLanguage":"et","@id":"https:\/\/tiskreelamud.ee\/krundid\/#\/schema\/logo\/image\/","url":"https:\/\/tiskreelamud.ee\/krundid\/wp-content\/uploads\/2025\/09\/tiskre-elamud-icon.png","contentUrl":"https:\/\/tiskreelamud.ee\/krundid\/wp-content\/uploads\/2025\/09\/tiskre-elamud-icon.png","width":375,"height":375,"caption":"TISKRE KRUNDID"},"image":{"@id":"https:\/\/tiskreelamud.ee\/krundid\/#\/schema\/logo\/image\/"}}]}},"_links":{"self":[{"href":"https:\/\/tiskreelamud.ee\/krundid\/wp-json\/wp\/v2\/pages\/490","targetHints":{"allow":["GET"]}}],"collection":[{"href":"https:\/\/tiskreelamud.ee\/krundid\/wp-json\/wp\/v2\/pages"}],"about":[{"href":"https:\/\/tiskreelamud.ee\/krundid\/wp-json\/wp\/v2\/types\/page"}],"author":[{"embeddable":true,"href":"https:\/\/tiskreelamud.ee\/krundid\/wp-json\/wp\/v2\/users\/1"}],"replies":[{"embeddable":true,"href":"https:\/\/tiskreelamud.ee\/krundid\/wp-json\/wp\/v2\/comments?post=490"}],"version-history":[{"count":56,"href":"https:\/\/tiskreelamud.ee\/krundid\/wp-json\/wp\/v2\/pages\/490\/revisions"}],"predecessor-version":[{"id":1398,"href":"https:\/\/tiskreelamud.ee\/krundid\/wp-json\/wp\/v2\/pages\/490\/revisions\/1398"}],"wp:featuredmedia":[{"embeddable":true,"href":"https:\/\/tiskreelamud.ee\/krundid\/wp-json\/wp\/v2\/media\/1388"}],"wp:attachment":[{"href":"https:\/\/tiskreelamud.ee\/krundid\/wp-json\/wp\/v2\/media?parent=490"}],"curies":[{"name":"wp","href":"https:\/\/api.w.org\/{rel}","templated":true}]}}